{"id":2,"date":"2025-03-23T08:37:21","date_gmt":"2025-03-23T08:37:21","guid":{"rendered":"http:\/\/localhost\/wordpress\/?page_id=2"},"modified":"2025-04-17T09:34:54","modified_gmt":"2025-04-17T09:34:54","slug":"sample-page","status":"publish","type":"page","link":"https:\/\/www.korrig.cz\/?page_id=2","title":{"rendered":"Ro\u010dn\u00ed kontroly"},"content":{"rendered":"\n<figure class=\"wp-block-image size-large\"><img loading=\"lazy\" decoding=\"async\" width=\"1024\" height=\"768\" src=\"http:\/\/www.korrig.cz\/wp-content\/uploads\/2025\/04\/IMG_20250416_170144-1024x768.jpg\" alt=\"\" class=\"wp-image-114\" srcset=\"https:\/\/www.korrig.cz\/wp-content\/uploads\/2025\/04\/IMG_20250416_170144-1024x768.jpg 1024w, https:\/\/www.korrig.cz\/wp-content\/uploads\/2025\/04\/IMG_20250416_170144-300x225.jpg 300w, https:\/\/www.korrig.cz\/wp-content\/uploads\/2025\/04\/IMG_20250416_170144-768x576.jpg 768w, https:\/\/www.korrig.cz\/wp-content\/uploads\/2025\/04\/IMG_20250416_170144-1536x1152.jpg 1536w, https:\/\/www.korrig.cz\/wp-content\/uploads\/2025\/04\/IMG_20250416_170144-2048x1536.jpg 2048w\" sizes=\"auto, (max-width: 1024px) 100vw, 1024px\" \/><\/figure>\n\n\n\n<p>Prov\u00e1d\u00edme ro\u010dn\u00ed kontroly plynov\u00fdch kotl\u016f Protherm a to stacion\u00e1rn\u00edch a z\u00e1v\u011bsn\u00fdch v proveden\u00ed atmosf\u00e9rick\u00e9m, turbo nebo kondenza\u010dn\u00edm.<\/p>\n\n\n\n<p>Pro objedn\u00e1n\u00ed volejte mezi 19,30 a\u017e 20,30 hod. na telefon 724 029 246 <\/p>\n\n\n\n<p><\/p>\n\n\n\n<p><\/p>\n","protected":false},"excerpt":{"rendered":"<p>Prov\u00e1d\u00edme ro\u010dn\u00ed kontroly plynov\u00fdch kotl\u016f Protherm a to stacion\u00e1rn\u00edch a z\u00e1v\u011bsn\u00fdch v proveden\u00ed atmosf\u00e9rick\u00e9m, turbo nebo kondenza\u010dn\u00edm. Pro objedn\u00e1n\u00ed volejte mezi 19,30 a\u017e 20,30 hod. na telefon 724 029 246<\/p>\n","protected":false},"author":1,"featured_media":0,"parent":0,"menu_order":0,"comment_status":"closed","ping_status":"open","template":"","meta":{"footnotes":""},"class_list":["post-2","page","type-page","status-publish","hentry"],"_links":{"self":[{"href":"https:\/\/www.korrig.cz\/index.php?rest_route=\/wp\/v2\/pages\/2","targetHints":{"allow":["GET"]}}],"collection":[{"href":"https:\/\/www.korrig.cz\/index.php?rest_route=\/wp\/v2\/pages"}],"about":[{"href":"https:\/\/www.korrig.cz\/index.php?rest_route=\/wp\/v2\/types\/page"}],"author":[{"embeddable":true,"href":"https:\/\/www.korrig.cz\/index.php?rest_route=\/wp\/v2\/users\/1"}],"replies":[{"embeddable":true,"href":"https:\/\/www.korrig.cz\/index.php?rest_route=%2Fwp%2Fv2%2Fcomments&post=2"}],"version-history":[{"count":8,"href":"https:\/\/www.korrig.cz\/index.php?rest_route=\/wp\/v2\/pages\/2\/revisions"}],"predecessor-version":[{"id":115,"href":"https:\/\/www.korrig.cz\/index.php?rest_route=\/wp\/v2\/pages\/2\/revisions\/115"}],"wp:attachment":[{"href":"https:\/\/www.korrig.cz\/index.php?rest_route=%2Fwp%2Fv2%2Fmedia&parent=2"}],"curies":[{"name":"wp","href":"https:\/\/api.w.org\/{rel}","templated":true}]}}